y 106?
102
Calculate the remainder when 6238 is divided by 141.
34
What is the remainder when 107538 is divided by 63?
60
Calculate the remainder when 353 is divided by 342.
11
What is the remainder when 1109 is divided by 139?
136
Calculate the remainder when 329 is divided by 67.
61
What is the remainder when 113 is divided by 59?
54
Calculate the remainder when 5469 is divided by 20.
9
Calculate the remainder when 406 is divided by 53.
35
Calculate the remainder when 369 is divided by 61.
3
What is the remainder when 2314 is divided by 116?
110
Calculate the remainder when 5974 is divided by 352.
342
Calculate the remainder when 4779 is divided by 42.
33
What is the remainder when 560 is divided by 47?
43
What is the remainder when 143 is divided by 29?
27
Calculate the remainder when 1873 is divided by 623.
4
Calculate the remainder when 344 is divided by 15.
14
What is the remainder when 4027 is divided by 62?
59
What is the remainder when 17 is divided by 15?
2
What is the remainder when 716 is divided by 36?
32
What is the remainder when 42454 is divided by 12?
10
What is the remainder when 205 is divided by 126?
79
What is the remainder when 426 is divided by 39?
36
Calculate the remainder when 244 is divided by 31.
27
What is the remainder when 486 is divided by 240?
6
What is the remainder when 906 is divided by 137?
84
What is the remainder when 256 is divided by 38?
28
Calculate the remainder when 107 is divided by 16.
11
What is the remainder when 1079 is divided by 20?
19
Calculate the remainder when 30 is divided by 11.
8
What is the remainder when 1277 is divided by 142?
141
What is the remainder when 434 is divided by 74?
64
What is the remainder when 719 is divided by 38?
35
What is the remainder when 142 is divided by 41?
19
Calculate the remainder when 198 is divided by 57.
27
Calculate the remainder when 1542 is divided by 222.
210
Calculate the remainder when 110 is divided by 13.
6
What is the remainder when 244 is divided by 50?
44
What is the remainder when 235 is divided by 110?
15
What is the remainder when 1100 is divided by 19?
17
Calculate the remainder when 1297 is divided by 1295.
2
What is the remainder when 66 is divided by 14?
10
What is the remainder when 637 is divided by 10?
7
What is the remainder when 1618 is divided by 36?
34
What is the remainder when 326 is divided by 30?
26
Calculate the remainder when 167 is divided by 42.
41
Calculate the remainder when 10567 is divided by 13.
11
Calculate the remainder when 224 is divided by 32.
0
What is the remainder when 536 is divided by 108?
104
Calculate the remainder when 42 is divided by 13.
3
Calculate the remainder when 169 is divided by 14.
1
Calculate the remainder when 22 is divided by 6.
4
What is the remainder when 1253 is divided by 60?
53
What is the remainder when 2497 is divided by 25?
22
What is the remainder when 885 is divided by 126?
3
What is the remainder when 1341 is divided by 48?
45
What is the remainder when 1582 is divided by 198?
196
Calculate the remainder when 143 is divided by 39.
26
What is the remainder when 1223 is divided by 599?
25
Calculate the remainder when 87 is divided by 11.
10
What is the remainder when 308 is divided by 9?
2
What is the remainder when 1913 is divided by 316?
17
Calculate the remainder when 406 is divided by 133.
7
What is the remainder when 1008 is divided by 127?
119
Calculate the remainder when 1083 is divided by 5.
3
Calculate the remainder when 31 is divided by 3.
1
What is the remainder when 1922 is divided by 127?
17
Calculate the remainder when 285 is divided by 9.
6
What is the remainder when 9215 is divided by 20?
15
What is the remainder when 259 is divided by 105?
49
What is the remainder when 280 is divided by 41?
34
Calculate the remainder when 232 is divided by 5.
2
Calculate the remainder when 301 is divided by 101.
99
What is the remainder when 245 is divided by 42?
35
Calculate the remainder when 3232 is divided by 14.
12
Calculate the remainder when 501 is divided by 6.
3
What is the remainder when 19 is divided by 9?
1
What is the remainder when 236 is divided by 93?
50
What is the remainder when 541 is divided by 40?
21
What is the remainder when 310 is divided by 74?
14
Calculate the remainder when 179 is divided by 18.
17
What is the remainder when 220 is divided by 52?
12
What is the remainder when 46 is divided by 5?
1
What is the remainder when 334 is divided by 75?
34
What is the remainder when 641 is divided by 31?
21
Calculate the remainder when 139 is divided by 13.
9
What is the remainder when 527 is divided by 9?
5
Calculate the remainder when 251 is divided by 42.
41
What is the remainder when 1631 is divided by 19?
16
Calculate the remainder when 43 is divided by 15.
13
Calculate the remainder when 97 is divided by 20.
17
What is the remainder when 127 is divided by 15?
7
Calculate the remainder when 58 is divided by 37.
21
What is the remainder when 135 is divided by 35?
30
What is the remainder when 158 is divided by 46?
20
What is the remainder when 225 is divided by 54?
9
What is the remainder when 109 is divided by 35?
4
What is the remainder when 120 is divided by 39?
3
Calculate the remainder when 775 is divided by 71.
65
Calculate the remainder when 21 is divided by 15.
6
What is the remainder when 411 is divided by 145?
121
Calculate the remainder when 141 is divided by 125.
16
Calculate the remainder when 382 is divided by 70.
32
What is the remainder when 3491 is divided by 22?
15
Calculate the remainder when 139 is divided by 11.
7
Calculate the remainder when 180 is divided by 56.
12
What is the remainder when 871 is divided by 16?
7
Calculate the remainder when 166 is divided by 58.
50
What is the remainder when 249 is divided by 23?
19
Calculate the remainder when 89 is divided by 18.
17
Calculate the remainder when 44 is divided by 14.
2
Calculate the remainder when 6827 is divided by 2275.
2
Calculate the remainder when 2794 is divided by 6.
4
Calculate the remainder when 374 is divided by 348.
26
What is the remainder when 1397 is divided by 151?
38
Calculate the remainder when 110 is divided by 49.
12
What is the remainder when 492 is divided by 19?
17
Calculate the remainder when 97 is divided by 33.
31
Calculate the remainder when 5332 is divided by 97.
94
What is the remainder when 351 is divided by 10?
1
Calculate the remainder when 261 is divided by 79.
24
What is the remainder when 443 is divided by 75?
68
Calculate the remainder when 284 is divided by 76.
56
What is the remainder when 767 is divided by 13?
0
Calculate the remainder when 192 is divided by 15.
12
Calculate the remainder when 259 is divided by 91.
77
What is the remainder when 2198 is divided by 20?
18
Calculate the remainder when 5405 is divided by 53.
52
What is the remainder when 2315 is divided by 61?
58
Calculate the remainder when 5478 is divided by 391.
4
Calculate the remainder when 185 is divided by 57.
14
Calculate the remainder when 410 is divided by 83.
78
What is the remainder when 108 is divided by 21?
3
Calculate the remainder when 507 is divided by 193.
121
What is the remainder when 338 is divided by 19?
15
What is the remainder when 114 is divided by 25?
14
What is the remainder when 622 is divided by 25?
22
What is the remainder when 84 is divided by 39?
6
Calculate the remainder when 95 is divided by 26.
17
Calculate the remainder when 1825 is divided by 602.
19
What is the remainder when 249 is divided by 221?
28
What is the remainder when 82 is divided by 12?
10
Calculate the remainder when 152 is divided by 31.
28
What is the remainder when 494 is divided by 45?
44
Calculate the remainder when 180 is divided by 10.
0
Calculate the remainder when 60 is divided by 7.
4
What is the remainder when 623 is divided by 126?
119
Calculate the remainder when 3207 is divided by 3.
0
What is the remainder when 17 is divided by 1?
0
What is the remainder when 2418 is divided by 41?
40
Calculate the remainder when 83 is divided by 14.
13
Calculate the remainder when 199 is divided by 28.
3
What is the remainder when 36 is divided by 30?
6
Calculate the remainder when 1247 is divided by 139.
135
Calculate the remainder when 1024 is divided by 471.
82
Calculate the re